{"id":2,"date":"2020-12-18T11:52:26","date_gmt":"2020-12-18T11:52:26","guid":{"rendered":"http:\/\/test.bits.investments\/?page_id=2"},"modified":"2025-07-04T14:04:00","modified_gmt":"2025-07-04T14:04:00","slug":"sample-page","status":"publish","type":"page","link":"https:\/\/bits-invest.com\/","title":{"rendered":"BITS &#8211; Invest in your Future"},"content":{"rendered":"\n<div style=\"height:23px\" aria-hidden=\"true\" class=\"wp-block-spacer\"><\/div>\n\n\n\n<p class=\"has-text-align-left\" style=\"font-size:23px;font-style:normal;font-weight:700;text-transform:none\"><strong>Dubajski nepremi\u010dninski trg, podprt z ambicioznimi dr\u017eavnimi projekti, nenehnim povpra\u0161evanjem globalnih kupcev in tujcem prijazno zakonodajo podira rekorde in ima izjemen potencial. <\/strong><\/p>\n\n\n\n<p class=\"has-text-align-left has-text-color has-link-color wp-elements-72322260cb60fb869bd9a86d4ac065fc\" style=\"color:#1990d4;font-size:23px;font-style:normal;font-weight:800;text-transform:none\"><strong>Prebivalstvo bo do leta 2040 zraslo <strong>s 4 <\/strong>na <\/strong>7,8 milijona<strong>. <\/strong><br><strong>Predvidena rast BDPja je <\/strong>5 %<strong>. <\/strong><br><strong>Vrednost bivanjskih nepremi\u010dnin je lani narasla <\/strong>za 16 %<strong>.<\/strong><br><strong>Vile in hi\u0161e so od 2020 pridobile na vrednosti <\/strong>za 106 %<strong>. <\/strong><br><strong>Davek na dobi\u010dek in zemlji\u0161ki prispevek zna\u0161ata <\/strong>0 %<strong>.<\/strong><\/p>\n\n\n\n<p class=\"has-text-align-center\" style=\"font-size:32px\"><strong>BODITE SOUDELE\u017dENI PRI INVESTICIJI V NAJHITREJE RASTO\u010cE GOSPODARSKO, TURISTI\u010cNO IN FINAN\u010cNO SVETOVNO SREDI\u0160\u010cE.<\/strong><\/p>\n\n\n\n<div class=\"wp-block-columns wide-gap is-layout-flex wp-container-core-columns-is-layout-9d6595d7 wp-block-columns-is-layout-flex\">\n<div class=\"wp-block-column is-layout-flow wp-block-column-is-layout-flow\">\n<figure class=\"wp-block-image size-large\"><img loading=\"lazy\" decoding=\"async\" width=\"1024\" height=\"768\" src=\"https:\/\/bits-invest.com\/wp-content\/uploads\/2025\/06\/1-1024x768.jpg\" alt=\"\" class=\"wp-image-604\" srcset=\"https:\/\/bits-invest.com\/wp-content\/uploads\/2025\/06\/1-1024x768.jpg 1024w, https:\/\/bits-invest.com\/wp-content\/uploads\/2025\/06\/1-300x225.jpg 300w, https:\/\/bits-invest.com\/wp-content\/uploads\/2025\/06\/1-768x576.jpg 768w, https:\/\/bits-invest.com\/wp-content\/uploads\/2025\/06\/1.jpg 1440w\" sizes=\"auto, (max-width: 1024px) 100vw, 1024px\" \/><\/figure>\n\n\n\n<p>Vzpon Dubaja temelji na trdnih temeljih: na strate\u0161ki legi, <strong>politi\u010dni nevtralnosti<\/strong>, vrhunski infrastrukturi, kakovostnem zdravstvu in izobra\u017eevanju ter investitorjem prijaznih politikah, kot sta 100-odstotno tuje lastni\u0161tvo in <strong>ni\u010delna obdav\u010ditev dohodka<\/strong>.<\/p>\n<\/div>\n\n\n\n<div class=\"wp-block-column is-layout-flow wp-block-column-is-layout-flow\">\n<figure class=\"wp-block-image size-large\"><img loading=\"lazy\" decoding=\"async\" width=\"1024\" height=\"768\" src=\"https:\/\/bits-invest.com\/wp-content\/uploads\/2025\/06\/2-1024x768.jpg\" alt=\"\" class=\"wp-image-605\" srcset=\"https:\/\/bits-invest.com\/wp-content\/uploads\/2025\/06\/2-1024x768.jpg 1024w, https:\/\/bits-invest.com\/wp-content\/uploads\/2025\/06\/2-300x225.jpg 300w, https:\/\/bits-invest.com\/wp-content\/uploads\/2025\/06\/2-768x576.jpg 768w, https:\/\/bits-invest.com\/wp-content\/uploads\/2025\/06\/2-1536x1152.jpg 1536w, https:\/\/bits-invest.com\/wp-content\/uploads\/2025\/06\/2.jpg 1749w\" sizes=\"auto, (max-width: 1024px) 100vw, 1024px\" \/><\/figure>\n\n\n\n<p>Gospodarska agenda D33 je drzen desetletni na\u010drt Dubaja, s katerim \u017eeli do leta <strong>2033 podvojiti velikost gospodarstva<\/strong>, imeti globalni vpliv v trgovini in financah, odpreti najve\u010dje letali\u0161\u010de na svetu in se uvrstiti med <strong>tri vodilna svetovna velemesta<\/strong>.<\/p>\n<\/div>\n<\/div>\n\n\n\n<div class=\"wp-block-columns wide-gap is-layout-flex wp-container-core-columns-is-layout-9d6595d7 wp-block-columns-is-layout-flex\">\n<div class=\"wp-block-column is-layout-flow wp-block-column-is-layout-flow\">\n<figure class=\"wp-block-image size-large\"><img loading=\"lazy\" decoding=\"async\" width=\"1024\" height=\"768\" src=\"https:\/\/bits-invest.com\/wp-content\/uploads\/2025\/06\/4-1024x768.jpg\" alt=\"\" class=\"wp-image-635\" srcset=\"https:\/\/bits-invest.com\/wp-content\/uploads\/2025\/06\/4-1024x768.jpg 1024w, https:\/\/bits-invest.com\/wp-content\/uploads\/2025\/06\/4-300x225.jpg 300w, https:\/\/bits-invest.com\/wp-content\/uploads\/2025\/06\/4-768x576.jpg 768w, https:\/\/bits-invest.com\/wp-content\/uploads\/2025\/06\/4-1536x1152.jpg 1536w, https:\/\/bits-invest.com\/wp-content\/uploads\/2025\/06\/4.jpg 2046w\" sizes=\"auto, (max-width: 1024px) 100vw, 1024px\" \/><\/figure>\n\n\n\n<p>Kljub vsemu je <strong>Dubaj<\/strong> \u0161e vedno zelo ugoden, kjer <strong>milijon evrov kupi 250 m2<\/strong> napram 100 v Londonu, 70 v New Yorku in 40 v Hongkongu. Pri tem je Dubaj izredno olaj\u0161al kupovanje nepremi\u010dnin: dr\u017eava jam\u010di za izvedbo, izvajalec je popla\u010dan \u0161ele ob primopredaji, mo\u017eno je pla\u010dilo s kriptovaluto, odpla\u010devanje je brezobrestno in brez skritih stro\u0161kov ter ni davka na nepremi\u010dnine.<\/p>\n<\/div>\n\n\n\n<div class=\"wp-block-column is-layout-flow wp-block-column-is-layout-flow\">\n<figure class=\"wp-block-image size-full\"><img loading=\"lazy\" decoding=\"async\" width=\"995\" height=\"746\" src=\"https:\/\/bits-invest.com\/wp-content\/uploads\/2025\/06\/5.jpg\" alt=\"\" class=\"wp-image-656\" srcset=\"https:\/\/bits-invest.com\/wp-content\/uploads\/2025\/06\/5.jpg 995w, https:\/\/bits-invest.com\/wp-content\/uploads\/2025\/06\/5-300x225.jpg 300w, https:\/\/bits-invest.com\/wp-content\/uploads\/2025\/06\/5-768x576.jpg 768w\" sizes=\"auto, (max-width: 995px) 100vw, 995px\" \/><\/figure>\n\n\n\n<p>Najve\u010djo rast vrednosti bele\u017eijo samostojne hi\u0161e in vile, zato kupujemo enote v na\u010drtovanem projektu <strong>Islands<\/strong> razvijalca Damac. Gre za tematsko, vsevklju\u010dujo\u010do sosesko za visokokakovostno bivanje, ki bo zaklju\u010dena leta 2029.<br>Ve\u010d na www.damacislands.ae.<\/p>\n<\/div>\n<\/div>\n\n\n\n<p>Inquiries and applications:&nbsp;<em><a href=\"mailto:info@bits.investments\">info@bits-invest.com<\/a><\/em><\/p>\n\n\n\n<p><\/p>\n","protected":false},"excerpt":{"rendered":"<p>Dubajski nepremi\u010dninski trg, podprt z ambicioznimi dr\u017eavnimi projekti, nenehnim povpra\u0161evanjem globalnih kupcev in tujcem prijazno zakonodajo podira rekorde in ima izjemen potencial. Prebivalstvo bo&#8230;<\/p>\n","protected":false},"author":1,"featured_media":594,"parent":0,"menu_order":0,"comment_status":"closed","ping_status":"open","template":"page-templates\/landing-page-design.php","meta":{"footnotes":""},"class_list":["post-2","page","type-page","status-publish","has-post-thumbnail","hentry"],"_links":{"self":[{"href":"https:\/\/bits-invest.com\/index.php\/wp-json\/wp\/v2\/pages\/2","targetHints":{"allow":["GET"]}}],"collection":[{"href":"https:\/\/bits-invest.com\/index.php\/wp-json\/wp\/v2\/pages"}],"about":[{"href":"https:\/\/bits-invest.com\/index.php\/wp-json\/wp\/v2\/types\/page"}],"author":[{"embeddable":true,"href":"https:\/\/bits-invest.com\/index.php\/wp-json\/wp\/v2\/users\/1"}],"replies":[{"embeddable":true,"href":"https:\/\/bits-invest.com\/index.php\/wp-json\/wp\/v2\/comments?post=2"}],"version-history":[{"count":102,"href":"https:\/\/bits-invest.com\/index.php\/wp-json\/wp\/v2\/pages\/2\/revisions"}],"predecessor-version":[{"id":696,"href":"https:\/\/bits-invest.com\/index.php\/wp-json\/wp\/v2\/pages\/2\/revisions\/696"}],"wp:featuredmedia":[{"embeddable":true,"href":"https:\/\/bits-invest.com\/index.php\/wp-json\/wp\/v2\/media\/594"}],"wp:attachment":[{"href":"https:\/\/bits-invest.com\/index.php\/wp-json\/wp\/v2\/media?parent=2"}],"curies":[{"name":"wp","href":"https:\/\/api.w.org\/{rel}","templated":true}]}}